he tens digit of x?
9
Suppose -2*j - 28 = -5*g - 0*g, 5*g = -j + 16. Suppose g = 3*h + 1. What is the units digit of h?
1
Let d = 4 + -2. Suppose -3*c = 0, 4*k = -d*c - 0 + 8. Suppose -5*p = -2*p + g - 10, k*g + 35 = 5*p. What is the units digit of p?
5
Let j be -5*(-3)/((-15)/(-44)). Let w = -24 + j. What is the units digit of w?
0
Suppose 3*k + 5 = 20. Let d(y) = -3*y**2 - 2*y**2 + 2*y + 0*y**2 + y**3 - 2. What is the units digit of d(k)?
8
What is the tens digit of (2 - 3 - 37)*-2?
7
Suppose 0 = 3*j + 2 + 10. Let w(q) = q**3 + 7*q**2 + 2*q + 3. Let g be w(-6). What is the units digit of 48/g - j/18?
2
Let p(s) = -s + 6. Let b be p(-3). Suppose -k + v - 3 = 7, 2*k + 3*v = 0. Let i = b + k. What is the units digit of i?
3
Let t(f) = -5*f**3 + 2*f**2 - 3. What is the units digit of t(-2)?
5
Suppose -9*y = -729 - 270. What is the hundreds digit of y?
1
Let l = -8 - -13. Suppose l*c - 14 = 6. What is the units digit of c?
4
Let n be 6*((-14)/6 + 3). Suppose 0 = -4*x + 28 + n. What is the units digit of x?
8
Let q be 0 + 3 - (-12)/2. Let m = q + -5. What is the units digit of m?
4
What is the tens digit of 7 + -8 - (0 - 22)?
2
What is the units digit of 10/8 + 10/(-40)?
1
Let x(m) be the second derivative of m**3/2 - m**2/2 - 10*m. Let g be (-3)/(-2) + (-2)/4. What is the units digit of x(g)?
2
Let l(n) = n**3 + 5*n**2 - n + 5. Let q be l(-5). Let j = q + -7. What is the units digit of j?
3
Let r = 6 + -6. What is the units digit of 1/((r - -1)/5)?
5
Suppose -24*k + 25*k = 51. What is the units digit of k?
1
Let r(q) = q**2 - 7*q + 1. Let u be r(7). Suppose -3 = d - u. What is the units digit of (-102)/(-12) - 1/d?
9
Suppose -3*h + 32 = -h. What is the units digit of h?
6
Let t = 0 - 4. Let f be 100/45 - t/(-18). Suppose f + 1 = y. What is the units digit of y?
3
What is the units digit of (1 + 3 + -2)/2?
1
Let q be (-6)/21 + (-2)/(-7). Suppose -4*d + q = 8. Let p = d + 4. What is the units digit of p?
2
Let u = 96 + -22. What is the tens digit of u?
7
Let s(k) = -k**3 + 3*k**2 - k - 2. Let d be s(2). Suppose -5*c - 2*a + 21 = 0, 4*c + c + 4*a - 27 = 0. What is the units digit of d*c/6 - -7?
7
Suppose -23 + 8 = -3*f. Let o = 52 + -31. Suppose f*j + o = 66. What is the units digit of j?
9
Suppose -2*z - z = 3*r - 465, -r - 610 = -4*z. What is the hundreds digit of z?
1
Suppose 2*v = 2*l - l + 75, -2*v + 2*l = -78. Suppose r - v = -r. Suppose -4*j + r = 2*i, i + 3*j = 4 + 7. What is the units digit of i?
5
Suppose 18 = 5*z + 3. Let a(f) = f + 2. Let v be a(0). Let p = z - v. What is the units digit of p?
1
Suppose 4*d - 28 = -0*d + 2*n, -32 = -5*d + n. Suppose d*b - b = 30. What is the units digit of (-8)/b*45/(-6)?
0
Let a(s) = s**2 - 2*s + 6. What is the tens digit of a(-4)?
3
Let l = -8 - -28. Let u be (l/12)/(2/6). Suppose 0*f = u*f - 10. What is the units digit of f?
2
Let x(h) = -h - 5. Suppose q + m + 20 = -q, 4*q = -5*m - 52. Let u be x(q). What is the units digit of 60/u*(-2 + 3)?
0
What is the tens digit of (0 - (-897)/27) + (-10)/45?
3
Suppose 3*w + 2 = -76. Let b = w - -46. What is the units digit of b?
0
Suppose 5*a = 0, -2*b - 2*b + 52 = -a. Suppose 3*f + 4 = b, 2*r = -5*f + 17. What is the units digit of r?
1
Let y(q) = -4*q - 4. Let g(t) = t**3 - t**2 + t - 3. Let f be g(0). What is the units digit of y(f)?
8
Let t(z) be the first derivative of 4*z + 4/3*z**3 - 1/4*z**4 + 2 + 0*z**2. What is the tens digit of t(3)?
1
Let t = 170 + -95. What is the units digit of t?
5
What is the units digit of 38/(-247) + 509/13?
9
Let r = -5 - 2. Let b(y) = y + 10. What is the units digit of b(r)?
3
Let n be ((-5)/(-15))/((-2)/12). What is the units digit of ((-2 - n) + 1)*4?
4
Suppose -3*k = -4*k + 16. Suppose 5*g + k = g. What is the units digit of (-10)/g*4/10?
1
Let f(q) = -5*q**3 + 1. Let v be f(1). Let b(y) = -2*y + 5. Let p be b(v). Suppose -4*w + 11 + p = 0. What is the units digit of w?
6
Let p(x) be the first derivative of 2*x**3/3 + x**2 - 4*x + 4. Let l(g) be the first derivative of p(g). What is the units digit of l(2)?
0
Let r(d) = 6*d**2 + 4*d - 2. Let m(o) = o**2 - 1. Let w(h) = -5*m(h) + r(h). Let u(k) = -k**2 + k - 4. Let g be u(0). What is the units digit of w(g)?
3
Let z(p) = -1 + 8 + 5 - 2 + p. What is the units digit of z(-6)?
4
Let b = -63 - -342. What is the tens digit of b?
7
Let c(g) = g**2 + 14*g + 16. What is the units digit of c(-14)?
6
Let f be 0/((2/1)/2). Suppose 0*x + x - 7 = f. What is the units digit of x?
7
Let h be (-2)/(-5) - 23/(-5). Let c(k) = -k + 6. Let z be c(4). Suppose -5*l - i = -65, -2*l - h*i + z = -1. What is the units digit of l?
4
Suppose -x + 4*s + 16 = x, -3*s - 2 = x. Suppose -x*j + j = -6. Suppose -22 = j*g - 4*g. What is the tens digit of g?
1
Suppose -4*a = -5*k - 21 - 22, -5*a = 3*k - 63. What is the units digit of -3*(-2)/a*12?
6
Let q = 13 - 11. Suppose d + y - 25 = 13, -d + 39 = q*y. What is the tens digit of d?
3
What is the units digit of ((-14)/(-28))/((-2)/(-116))?
9
Let n(l) = -14*l + 2. Suppose -3*t - 9 - 4 = -2*x, -3*t - 2*x + 7 = 0. What is the tens digit of n(t)?
1
Let w(l) be the third derivative of l**4/12 + l**3/6 + 2*l**2. Let u be w(1). Suppose -y - u*y = -20. What is the units digit of y?
5
Let q be (3/2)/((-30)/(-40)). Suppose q*l - 21 = 11. What is the units digit of l?
6
Suppose -10 = -0*d - 5*d. Let q = d + -1. What is the units digit of q?
1
Suppose -2*k = -2*o + 16 - 0, 4*o - 20 = 0. Let i be (-4 - -5)/(1/k). What is the units digit of ((-8)/2 - i) + 2?
1
Let w be (-2 + 1)*(-1)/1. What is the units digit of 6/w + 1*3?
9
Suppose 0*k = -5*k + 10. Suppose -k*n + 18 = 5*r - 0, 4*n - 12 = 2*r. Suppose 0 = -r*z + 9 - 1. What is the units digit of z?
4
Suppose 0 = 4*c - 8*c + 4*j + 4, 5*j = -c - 5. Let v = c + 14. What is the tens digit of v?
1
Let a(t) be the second derivative of t**5/20 - 2*t**4/3 + 4*t**3/3 + t**2/2 - t. What is the units digit of a(7)?
8
What is the units digit of -12*5/(-10) + -3?
3
Let v(t) = -t + 8. Let o be v(12). Let h = -1 - o. What is the units digit of h?
3
Suppose -3*s - 4*x + 32 = 0, -2*s - 7*x = -2*x - 12. Let o = s - 7. What is the units digit of o?
9
What is the tens digit of (-440)/(-28) + 4/14?
1
Let c = 7 - 2. Suppose -2*h = -3*h + c. What is the units digit of h?
5
What is the units digit of (-12)/9*(-75)/1?
0
Let t = -101 - -146. Let v = t + -31. What is the tens digit of v?
1
Let q = -12 + 8. Let d = q + 9. What is the units digit of d?
5
Suppose 4*z + l + 0*l - 78 = 0, 0 = -5*z - 4*l + 92. Let b = 2 + z. What is the units digit of b?
2
Let b(a) = a**3 - 4*a**2 + 5*a - 3. Let c be b(3). Suppose c*o - 13 = 5. What is the units digit of o?
6
Let g(i) = -2*i + 2. Let x(t) = 2*t - 1. Let w(b) = -3*g(b) - 2*x(b). Let q = 18 + -11. What is the units digit of w(q)?
0
Suppose 5*f - 10 = -0*f, w - 19 = 5*f. What is the tens digit of w?
2
Let b(f) = -3*f - 8. Let p be 5 - (4 - 2)*1. Let d be -1*(6 - (p + -3)). What is the units digit of b(d)?
0
Suppose -3*g + 63 = -252. Suppose 0*t + t + 4*m = 0, 5*m + g = 4*t. What is the units digit of t?
0
Let z be (-3)/1 + 6 - 9. What is the units digit of -3 - -5 - z/2?
5
Let a = -13 + 6. Let f = -5 - a. Suppose -f*s + 1 = -11. What is the units digit of s?
6
Let h(a) = a**3 - 2*a**2 + 11*a + 4. What is the hundreds digit of h(7)?
3
Suppose -2*k + 13 = -4*z + 341, z - k = 81. What is the units digit of z?
3
Let r(c) = 15*c**3 + c. Let f be r(1). Suppose -3*o + f = -2. What is the units digit of 0*3/o + 2?
2
Suppose 3 = 2*l + 29. Let b = l - -28. What is the units digit of b?
5
Let y(x) = x + 11. Let q be y(-6). Let m(t) = 4*t - 11. What is the units digit of m(q)?
9
Let c be (24/(-9))/((-2)/9). Suppose z - 32 = -c. Suppose 6*t = t + z. What is the units digit of t?
4
Let x(u) = u**2 - 10*u + 6. Let r be x(9). What is the units digit of (88/(-6))/(2/r)?
2
Suppose 33 = 2*o + 19. What is the units digit of o?
7
Let g(a) = 2 + 3*a**2 - 6*a**2 - a + 4*a**2. What is the units digit of g(2)?
4
Let d(o) = o - 3. Let p be d(1). What is the tens digit of (-3 - (-33)/(-6))*p?
1
Suppose 3*b = -3*s + 7*b + 371, -b = s - 133. What is the tens digit of s?
2
Suppose 12*j - 7*j - 105 = 0. What is the tens digit of j?
2
Let m be (-100)/(-7) - (-8)/(-28). Let n = -3 - 1. Let j = n + m. What is the tens digit of j?
1
Supp